 + 12 = u. Suppose 7 = -l*g + 37. What is the tens digit of g?
1
Suppose 0 = 26*h - 25*h - d - 803, -5*d + 15 = 0. What is the units digit of h?
6
Suppose -c = -2*z + 6, 3*c - z + 0*z = 2. Let v be 41 + 1 - 0 - 3. Suppose -o + v = c*o. What is the tens digit of o?
1
Let y = 708 - 673. What is the tens digit of y?
3
Suppose -4*k - 4*g + 2373 - 145 = 0, 4*g = -12. What is the units digit of k?
0
Suppose -5*l - 5*u = 0, 5*l + 0*u - 2*u - 28 = 0. Let h be (-2)/l - (-14)/4. What is the units digit of 15/h - (1 + 1)?
3
Let g(d) = -d**2 - 8*d - 3. Let i be g(-7). Suppose 175 = i*k - 273. What is the tens digit of k?
1
What is the hundreds digit of (-13448)/(-6) - (-1 - 0)/(-3)?
2
Let x(r) = -r**3 - r**2 - 2*r + 86. Let w(h) = h**3 - 5*h**2. Let j be w(5). What is the tens digit of x(j)?
8
Let p = -83 - -93. Let f = p - -14. What is the tens digit of f?
2
Suppose 38 = 4*h + 2*i, i = -5*h + 26 + 17. Let j be h/12 - 76/6. Let f(o) = -o**3 - 13*o**2 - 16*o - 16. What is the tens digit of f(j)?
3
Suppose 3*u - 49 = -2*f + 330, -6 = -3*f. Let i = 292 - u. Suppose -3*n + 2*m + 167 = 0, 5*m - i = -3*n + 14. What is the tens digit of n?
5
Let b(j) = 73*j + 1348. What is the thousands digit of b(0)?
1
Let n(v) = 54*v - 323. What is the units digit of n(19)?
3
Suppose 23 + 4 = f. Let z be (-6)/(-8) - 3/4. Suppose z*w + w - f = 0. What is the tens digit of w?
2
Suppose 0 = 4*j - 14*j - 3390. Let c = j + 490. What is the units digit of c?
1
Suppose -2*p - 12*p + 4522 = 0. What is the units digit of p?
3
Let z(u) = -u**3 + 4*u + 5. Let p be z(-4). Let x = p + 22. What is the tens digit of x?
7
Suppose -5*u = -3*f + 9, 5 = -0*f - f - u. Let y = 5 + f. Suppose 4*b + y*q = 76, 5*q + 82 = 3*b + q. What is the tens digit of b?
2
Suppose -5*i - 2*m + 8723 = -5775, 2*m - 8698 = -3*i. What is the units digit of i?
0
Let t = 185 - 119. What is the tens digit of t?
6
Let a = 51 - 35. Let v = 136 - a. What is the hundreds digit of v?
1
Let t(r) = -15 + 7*r - 12 + 16. What is the units digit of t(11)?
6
Let m be (1/3)/(5/45). Let h = -65 + 59. What is the units digit of ((-1)/m)/(h/180)?
0
Suppose -4*f - 13 + 5 = 0. Let i be ((-4)/(-6))/(f/(-9)). Suppose 4*m = -i*p + 5*m + 41, p + 2*m - 2 = 0. What is the tens digit of p?
1
Let s(i) = 3*i**2 + 5*i + 174. What is the hundreds digit of s(12)?
6
Let b(g) = g**3 + 9*g**2 + 17*g - 4. Let l be b(-6). What is the tens digit of (596/(-16) + l)/(15/(-40))?
9
What is the tens digit of (-28994)/57*(-18)/21?
3
Suppose 0 = -0*r + 4*r - 2136. What is the hundreds digit of r?
5
Let o be 4/(-10)*60/4. Let x be o/4*24/(-18). Suppose -4*p = -0*t - t - 3, -14 = -x*p - 2*t. What is the units digit of p?
2
Let p(w) = 2*w**2. Let y(v) = v**2 - 4*v - 7. Let r be y(5). Let c be p(r). What is the units digit of 248/32 + 2/c?
8
Suppose -4*p + 0*p = -84. What is the units digit of (-90)/1*((-112)/p - -4)?
0
Suppose 3*x - 23 = 4*q, -2*x = 3*q + 43 - 13. What is the units digit of (34/q)/((-2)/64)?
6
Let h(n) = -11*n - 18. Let d(b) = 10*b + 19. Let v(k) = -6*d(k) - 7*h(k). What is the tens digit of v(4)?
8
Let n(r) = -4*r**2 - 8*r + 5. Let m(i) = -i**2 - i + 1. Let w(p) = -6*m(p) + n(p). Let g be w(3). Let x = g - 8. What is the units digit of x?
3
Let y(f) = f**2 - 23*f - 2. What is the hundreds digit of y(-19)?
7
Let t(a) be the first derivative of a**2/2 + 6*a + 22. What is the tens digit of t(9)?
1
Let g = -392 - -1798. What is the hundreds digit of g?
4
Let d(z) = z**3 + 5*z**2 - 8*z - 7. Let i be d(-6). Suppose -156 = 4*n - 4*t, 38 = -3*n - i*t - 55. Let g = 55 + n. What is the tens digit of g?
1
Suppose 222 = 4*a + l, -2*a - l + 84 = -26. Suppose -a = p - 2*p. What is the units digit of p?
6
Suppose -v = -q + 3*q - 130, -2*v = -q + 75. Suppose -173 = -3*z + q. What is the units digit of z?
0
Let y(g) be the first derivative of 37*g**4/4 + g**3/3 - 2*g**2 + 2*g + 18. What is the tens digit of y(1)?
3
Let x = -114 - -202. Let h = 28 + x. What is the tens digit of h?
1
Let o = -42 + -21. Let f = o - -203. What is the hundreds digit of f?
1
Suppose -8*j = -4*j - 20. Suppose 3*m - 2*m = 2*w + 15, -4*w + j*m - 33 = 0. What is the tens digit of (w/14)/(1/(-32))?
1
What is the hundreds digit of (-2)/((176/(-35057))/8)?
1
Let b(c) = -c**3 + 49*c**2 + 38*c - 266. What is the units digit of b(49)?
6
Let t = 0 + -28. Let n = t + 49. What is the tens digit of 520/28 + 9/n?
1
Suppose 1350 = 9*o - 4230. What is the hundreds digit of o?
6
Suppose 7*d + 5*c + 11 = 4*d, 0 = -2*c - 8. Suppose -2*v - 2*t = d*v - 471, 0 = -v - 3*t + 89. What is the units digit of v?
5
Let w(c) = -2*c**3 - 2*c**2 - 13*c - 15. What is the tens digit of w(-7)?
6
Suppose -31 + 4 = -9*y. Suppose 6 + 9 = -y*j, -124 = -t - 4*j. What is the tens digit of t?
4
Let u(o) = 55*o**2 - 30*o - 57. What is the hundreds digit of u(-6)?
1
Let q be -5*(-1)/((-1)/(-1)). Suppose 10 = 5*u - q. Suppose 4*j = u*c - 21, -5*j = -3*c - 15 + 36. What is the units digit of c?
7
Let m(o) = -2*o + 3. Let l = -23 + 26. Let k be m(l). Let i(t) = -3*t**3 - 5*t**2 - 3*t + 3. What is the units digit of i(k)?
8
Let v(x) = -19*x - 64. What is the tens digit of v(-15)?
2
Let c(z) = -13*z**3 - 10*z**2 - 32*z + 10. What is the thousands digit of c(-6)?
2
Suppose -31*j + 23640 = 576. What is the hundreds digit of j?
7
Let n(a) = a**3 + 8*a**2 + 15*a + 52. What is the hundreds digit of n(9)?
5
Let r(o) = o + 9. Let h be r(-5). Let w = h - -16. What is the units digit of w?
0
Suppose 0 = -18*z + 13*z + 2600. What is the tens digit of z?
2
Let h(m) = -m**2 - 74*m + 109. What is the hundreds digit of h(-50)?
3
Let m = -16 + 21. Suppose -m*u + 25 = -740. What is the units digit of u?
3
Let p(m) = m - 3. Let u be p(6). Let o be (-24)/(-14) + -7 + (-51)/(-7). Suppose -2*w = o*q - 42, 5*w = u*q - 0*q - 55. What is the units digit of q?
0
What is the units digit of 1*((-2)/(-8))/((-8)/(-5728))?
9
Let n be (-2)/(-6)*(-1 - -10). Suppose -6 = -n*t + 15. What is the tens digit of 41 - t - (-1 + -3)?
3
Suppose -11502 = -12*b + 10230. What is the tens digit of b?
1
Let f = -156 + 313. What is the hundreds digit of f?
1
Let x = 4 + 18. Suppose g + j = 17, -3*g + 0*j + 46 = 2*j. Let z = x - g. What is the units digit of z?
0
Suppose h + 1 = 0, 5*f - 19 = -3*h + 2*h. What is the hundreds digit of f/((-1)/(-3) - (-111)/(-351))?
2
Suppose 1 = 4*q - 7. Suppose -5*m = 4*w - 414, -w - 1 = -q*w. What is the tens digit of m?
8
Let z(m) = m**3 + 8*m**2 + 15*m + 20. Let q be z(-6). Suppose -2 = -j + 3, q*j = 4*r - 790. What is the hundreds digit of r?
2
Suppose 5*j - 10 = -95. Let r = j - -20. What is the tens digit of 1*(2 + 14 + r)?
1
Suppose -261804 + 75956 = -104*i. What is the units digit of i?
7
Suppose -v + 25 = -3*g, -2*v = 3*v + 4*g - 49. Suppose -v*c + 1826 = 71. What is the hundreds digit of c?
1
Suppose 16*t - 33858 = -11*t. What is the units digit of t?
4
Let h(t) = 3*t**3 + 102*t**2 + 50*t + 40. What is the units digit of h(-32)?
4
Let m(q) = 8*q - 1. Let y be m(-2). Let f(s) = s**2 - 3 + 15*s + 27 - 11 + 8 + 2. What is the units digit of f(y)?
7
Suppose 7*k = -843 + 3664. What is the units digit of k?
3
Suppose 99 = 4*q - 3*q. Let f be 70/21*q/5. Suppose -73 = 3*d - 7*d - 5*a, 2*a + f = 4*d. What is the tens digit of d?
1
Let m(i) = -5*i**3 + 12*i**2 - i - 14. Let b(l) = 9*l**3 - 23*l**2 + l + 27. Let s(n) = -4*b(n) - 7*m(n). Let z be s(8). What is the units digit of 12/21*637/z?
6
Suppose -2*q + 3*w = -1269, -w = 3*q - 1031 - 878. What is the tens digit of q?
3
Suppose 0 = d - c - 8, -4*d + 17 = -4*c + 5*c. Suppose 0 = -2*n, -3*n - 7 = d*b + 43. Let j = b - -13. What is the units digit of j?
3
What is the thousands digit of -41 + 3686 - -1*2?
3
Let u = 154 - 224. Let v(m) = 27*m**2 - m - 1. Let a be v(2). Let j = a + u. What is the units digit of j?
5
Suppose 0 = 2*t - 6, l - 2*l - 2*t - 19 = 0. Let r(p) = 7*p - 32. Let s be r(10). Let h = l + s. What is the units digit of h?
3
Let b be (-36)/(-12)*(-1)/(-1). Suppose b*x - 550 = -2*x. What is the units digit of x?
0
Let i(n) = -n**3 + 20*n**2 - 2*n - 43. What is the tens digit of i(19)?
8
Let c(i) = 116*i**2 + 4*i - 10. Let g be c(-3). Suppose -6*u + 634 = -g. What is the tens digit of u?
7
Let l = 30 - 36. Let u(v) = 5*v**2 + 15*v. Let y be u(l). What is the units digit of y/2*3/9